atest common factor of v and 78.
6
Let l = -1278 + 1351. Calculate the greatest common divisor of 5329 and l.
73
Let j = -3520 + 3595. Let n be -3*(-2 + (-376)/12). What is the highest common divisor of n and j?
25
Suppose 4*j - 123 = 105. Suppose -3*u - 2518 = 4*r - 3518, -20 = -5*u. What is the highest common divisor of r and j?
19
Let w be (-412528)/((-323)/17) + -12. Calculate the highest common factor of 140 and w.
140
Suppose 12 + 4 = -4*y, 5*p = -4*y + 44. Suppose -5*o + 57*k = 61*k - 36, -8 = 3*o - 5*k. Calculate the highest common factor of o and p.
4
Suppose -6*q + 8612 = 962. What is the highest common factor of 75 and q?
75
Suppose -3*b - 2*o - 98 = 0, 3*o + o = 4*b + 164. Let m = b + 40. Suppose -2*q + q + 30 = -3*h, h = m*q - 120. What is the greatest common factor of q and 6?
6
Suppose h + 5222 = -3*c + 7166, -4*c - 3*h + 2592 = 0. Calculate the highest common factor of c and 24840.
216
Let x = -84 - -384. Let j(l) = -l**3 - 7*l**2 - 6*l - 30. Let p be j(-7). Calculate the highest common divisor of p and x.
12
Suppose -80 = -23*p + 3*p. Suppose p*h - 3*x = 25, -2*h = 3*h - x - 34. Let m be (-996)/(-18) - 4/(-6). What is the highest common factor of h and m?
7
Let z = -14630 - -14661. Let d = 751 - 410. Calculate the greatest common factor of d and z.
31
Let i(g) = 2133*g**2 + 54*g + 3. Let y be i(2). Calculate the greatest common divisor of 129 and y.
129
Let l(k) = 83*k + 954. Let y be l(-10). What is the highest common divisor of y and 6262?
62
Suppose 15 = 5*m - 6*m. Let p be (2 + 13)*(-5)/m. Suppose 3*z + z = q + 9, 4*z = p*q + 13. What is the greatest common factor of 5 and z?
1
Let r be 3/((-21)/7)*0. Suppose 3*t - 214 = -4*i, -2*t + 2*i + 0 + 166 = r. What is the greatest common divisor of 18 and t?
6
Suppose -23*u + 2*u = -8389 - 9293. What is the highest common factor of u and 2?
2
Let t(d) = -49*d + 2943. Let p be t(59). What is the highest common factor of p and 2756?
52
Let t = 670 - 630. Calculate the greatest common factor of 1670 and t.
10
Suppose 0 = a + a - 792. Let u be 5094/180 - (-3)/(-10). Suppose u*o - 1386 + 154 = 0. What is the highest common divisor of o and a?
44
Let o(k) = k**2 - 10*k + 22. Suppose -8*f = -68 - 4. Let b be o(f). Calculate the highest common factor of 13 and b.
13
Let q(k) = 8*k - 54. Let z be q(8). Let p = 10 - 0. Let d(o) = -o**3 + 10*o**2 + 2*o. Let m be d(p). What is the highest common factor of z and m?
10
Let k be 22/4*4032/1584. What is the highest common divisor of k and 322?
14
Let p(d) = 2*d**3 + 33*d**2 + 11*d - 39. Let f be p(-16). Calculate the highest common factor of f and 4797.
41
Suppose 3*v = -3*o + 1 + 164, -2*v = -4*o - 134. Calculate the highest common factor of 2537 and v.
59
Let g(o) = 3*o**2 - 3*o - 3. Let u be g(-3). Let m(x) = 80*x - 229. Let t be m(3). What is the highest common divisor of t and u?
11
Suppose -115 = -4*k - k. Let h = -30 + k. Let y be (-61)/h + (-8)/(-28) + 0. Calculate the highest common divisor of y and 36.
9
Let j(y) = y**3 + 59*y**2 - 64*y - 156. Let g be j(-60). What is the greatest common divisor of 609 and g?
21
Let m(o) be the first derivative of o**3/3 + 2*o**2 - 6*o - 11. Let a be m(-6). Suppose 0 = -3*u + 2*u + 3. Calculate the greatest common divisor of u and a.
3
Let a = -423 + 545. Calculate the highest common divisor of a and 915.
61
Suppose 31*f - 1064 + 150 = 946. What is the greatest common divisor of 240 and f?
60
Let h(y) = 5*y**2 - 123*y - 122. Let s be h(26). Calculate the highest common divisor of 7128 and s.
12
Suppose -2411 + 16763 = 92*t. Calculate the highest common divisor of t and 276.
12
Let h = 25 - -7. Let r be (254/(-4))/(-1) + 58 + 1035/(-18). What is the greatest common factor of h and r?
32
Let z be (-109)/(-6) + (-3)/18. Suppose -10*r = -14*r + 3*y + 129, 4*y + 124 = 4*r. Calculate the highest common factor of r and z.
18
Let g be ((-2275)/(-75) - 19) + -13 + (-70)/(-6). Let d(j) = -13*j + 1. Let t be d(-3). Calculate the greatest common factor of g and t.
10
Suppose -5*h + 7 - 2 = -5*p, 2*h = -3*p + 22. Let n be (-11 + 5)*((-10)/p - -2). Let b be 2 - (n + -4) - -60. Calculate the greatest common factor of b and 9.
9
Let v(b) = -8*b**2 - 563*b + 359. Let t be v(-69). What is the greatest common divisor of t and 86?
86
Let t be 8/44 - (-1153)/11. Suppose 0 = -u + 7*q - 2*q + 50, 4*u = -2*q + 288. Let o be ((-10)/(-6))/(u/1764). Calculate the highest common factor of t and o.
21
Let p = -11300 + 11303. What is the highest common factor of 375 and p?
3
Let d be 9*(-4 + 60/9). Let q = 1437 - 1405. What is the greatest common factor of q and d?
8
Suppose 0 = b + 2*b - w + 184, 314 = -5*b - 2*w. Let o(g) = g**2 - g + 48. Let k be o(5). Let a = k + b. What is the highest common factor of 2 and a?
2
Suppose -57*w = 48*w + 15*w - 861360. What is the greatest common divisor of w and 74?
74
Suppose 3*q - y = 285, 111*y - 106*y - 143 = -q. What is the highest common divisor of q and 742?
14
Suppose 6*v + 7*v = -5*v. Suppose 4*x = -5*t + 44 + 96, v = -3*t - x + 84. Calculate the greatest common divisor of t and 8.
4
Suppose -34 - 356 = -13*k. Let p be 13/(-26) - (-101)/2. What is the highest common divisor of p and k?
10
Let r(k) = k - 14. Let f = 19 + -2. Let n be r(f). Suppose 3*l + 2*l = -5*x + 90, 2*l - 35 = -n*x. What is the highest common factor of l and 152?
19
Suppose -12*z + 34 + 26 = 0. Suppose 3*y = z*s - 72, -3*s - 2*y + 40 = -7*y. Let q be 326/2 + 1 + 1. Calculate the highest common factor of s and q.
15
Suppose g + f + 34 = 0, -3*g - 4*f - 114 + 15 = 0. Let a = g + 35. Let h be -2*(11/a - 4). Calculate the greatest common divisor of h and 171.
19
Let m = -236 + 241. Suppose 0 = m*x - 2*u - 1985, 0 = -x + 2*x - u - 400. Calculate the greatest common divisor of x and 79.
79
Suppose -3*g - 15 = 0, 0 = p + g + 1 + 1. Let i(c) = c**3 + 54*c**2 + 53*c + 1. Let h be i(-53). Calculate the greatest common factor of h and p.
1
Suppose 19*o + 23*o - 33684 = 0. Let u be o - ((7 - 10) + 5). Calculate the highest common divisor of 50 and u.
50
Let o be (-14 - -21)/(1/1). Let j be 12/42 - 142/o. Let c be j/(-4) + 0/(4 + -2). Calculate the highest common factor of c and 45.
5
Let m be (-2)/9 + (-705)/(-135). Let c be -1*(m/25 - 480/25). Calculate the highest common factor of 399 and c.
19
Let p = 40798 + -40589. What is the highest common divisor of 3223 and p?
11
Suppose -331*m + 149*m + 2640 = -167*m. Let r be (-332)/(-6) - (-1)/(-3). What is the highest common factor of m and r?
11
Suppose 0 = 60*i - 79*i + 114. Suppose -i*s - 6 = -36. What is the greatest common divisor of 55 and s?
5
Suppose 2*j = 3*i - 2048, 5*i - 681 = 4*i + j. Suppose 2*v = -4*o - 0*v + i, o - v = 173. Calculate the greatest common divisor of o and 129.
43
Let v = 104 + -166. Let m = v - -83. Suppose 14 = 3*i - 28. Calculate the greatest common divisor of i and m.
7
Let l be (-2)/(-2)*(2 + -5 + 7). Suppose -2*a = -l*k + 24 + 22, -4*a + 4 = 0. Calculate the highest common factor of 192 and k.
12
Let h be 8/(-10) - (-17)/(595/98). Suppose 4*z = -l + 104, -h*z = z - 5*l - 78. What is the highest common factor of 13 and z?
13
Let t(u) = 2*u + 3. Let o be t(3). Let l be (-48)/(-528) - 1978/(-22). Let v be (-2)/(((-4)/l)/(21/15)). Calculate the greatest common divisor of o and v.
9
Let f be ((-10)/4)/((-1)/2). Suppose f*q - 40 = -2*s, -5*s + 0*s - q = -54. Suppose 5*o - 30 = -20. Calculate the greatest common factor of s and o.
2
Suppose -499592 = 8*o - 115656. Let p be o/(-140) + (-3)/(-15). What is the highest common factor of p and 98?
49
Let n = -72 - -76. Let z be (-1176)/(-6) - n/8*-4. Calculate the highest common divisor of 132 and z.
66
Let x(g) = g**2 - 3*g - 8. Let i be x(5). Suppose 0 = 14*v - 15*v - i. Let y be (-2)/(2/40*v). Calculate the greatest common factor of 70 and y.
10
Let q = -3629 - -3713. What is the highest common factor of 196 and q?
28
Let q(n) = 71*n + 11. Let m be q(2). Let g be ((-204)/m)/((1/(-1))/78). What is the greatest common divisor of g and 13?
13
Let f be (18/6 - 4)*0. Suppose 22*h + 34 - 144 = f. What is the greatest common factor of 25 and h?
5
Let c = -8136 - -8184. Calculate the highest common factor of c and 3072.
48
Let v(k) = k**3 - 7*k**2 - 2*k + 14. Let s be v(7). Suppose -z - 2 + 10 = s. Suppose -7*c 